{"id":22,"date":"2010-10-09T12:33:44","date_gmt":"2010-10-09T12:33:44","guid":{"rendered":"http:\/\/www.turismoslovacchia.it\/?page_id=22"},"modified":"2016-10-03T21:14:30","modified_gmt":"2016-10-03T19:14:30","slug":"la-slovacchia","status":"publish","type":"page","link":"https:\/\/www.turismoslovacchia.it\/?page_id=22","title":{"rendered":"La Slovacchia"},"content":{"rendered":"<p style=\"text-align: justify;\">La Slovacchia \u00e8 un paese indipendente dal 1993, dopo la divisione della ex Cecoslovacchia. La sua adesione all&#8217;Unione Europea nel 2004 ha visto il culmine di cambiamenti democratici nel paese e ha assicurato la sua posizione tra le fila degli Stati europei democratici.<\/p>\n<p><img decoding=\"async\" loading=\"lazy\" class=\"size-full wp-image-1168 alignnone\" title=\"Liptov_Martin-Stojka@flickr_redcrop\" src=\"http:\/\/www.turismoslovacchia.it\/wp-content\/uploads\/Liptov_Martin-Stojka@flickr_redcrop.jpg\" alt=\"\" width=\"720\" height=\"206\" srcset=\"https:\/\/www.turismoslovacchia.it\/wp-content\/uploads\/Liptov_Martin-Stojka@flickr_redcrop.jpg 720w, https:\/\/www.turismoslovacchia.it\/wp-content\/uploads\/Liptov_Martin-Stojka@flickr_redcrop-300x86.jpg 300w, https:\/\/www.turismoslovacchia.it\/wp-content\/uploads\/Liptov_Martin-Stojka@flickr_redcrop-600x172.jpg 600w, https:\/\/www.turismoslovacchia.it\/wp-content\/uploads\/Liptov_Martin-Stojka@flickr_redcrop-400x114.jpg 400w, https:\/\/www.turismoslovacchia.it\/wp-content\/uploads\/Liptov_Martin-Stojka@flickr_redcrop-100x29.jpg 100w, https:\/\/www.turismoslovacchia.it\/wp-content\/uploads\/Liptov_Martin-Stojka@flickr_redcrop-200x57.jpg 200w, https:\/\/www.turismoslovacchia.it\/wp-content\/uploads\/Liptov_Martin-Stojka@flickr_redcrop-150x43.jpg 150w\" sizes=\"(max-width: 720px) 100vw, 720px\" \/><\/p>\n<p style=\"text-align: justify;\">La Slovacchia \u00e8 un paese piccolo e moderno in Europa centrale, che non ha dimenticato le tradizioni e la sue ricca storia. I visitatori stranieri possono aspettarsi castelli medievali, borghi e citt\u00e0 storiche, terme, oltre 3.800 grotte e gole, e parchi nazionali che sono pieni di animali, piante e meraviglie naturali. Le montagne della Slovacchia, le pi\u00f9 alte del centro-est Europa, con le loro caratteristiche alpine offrono ottime condizioni per gli sport invernali e l&#8217;escursionismo.<\/p>\n<p style=\"text-align: justify;\">La posizione della Slovacchia, in un incrocio di rotte commerciali, il fatto di essere stata parte della Grande Moravia, dell&#8217;Impero Asburgico e ungherese e della Cecoslovacchia, spiega la sua diversit\u00e0 culturale e il suo vario patrimonio storico. Bratislava \u00e8 stata la capitale del Regno d&#8217;Ungheria nel XVI\u00b0 secolo, e 11 monarchi ungheresi sono stati incoronati nella sua Cattedrale di San Martino tra il 1563 e il 1830, inclusi i regnanti asburgici, tra i quali la pi\u00f9 conosciuta \u00e8 Maria Teresa.<\/p>\n<p><img decoding=\"async\" loading=\"lazy\" title=\"bratislava3_crop\" src=\"http:\/\/www.turismoslovacchia.it\/wp-content\/uploads\/2010\/10\/bratislava3_crop.jpg\" alt=\"\" width=\"720\" height=\"206\" \/><\/p>\n<p style=\"text-align: justify;\">Dalla caduta della cortina di ferro nel 1989, la societ\u00e0 e l&#8217;economia della Slovacchia hanno subito enormi cambiamenti. La Slovacchia \u00e8 diventata membro dell&#8217;Unione Europea e della NATO, oltre che di tutte le maggiori organizzazioni internazionali. Gli ultimi due decenni hanno visto una crescita economica dinamica, un rafforzamento dell&#8217;economia e un aumento del tenore di vita.<\/p>\n<p style=\"text-align: justify;\"><strong>Dati e curiosit\u00e0:<\/strong><\/p>\n<ul style=\"text-align: justify;\">\n<li>La Slovacchia confina con cinque paesi &#8211; Repubblica Ceca, Austria, Ungheria, Ucraina e Polonia.<\/li>\n<li>La Slovacchia ha una popolazione di 5,4 milioni di persone, ed \u00e8 lunga 428 km da est a ovest.<\/li>\n<li>La capitale della Slovacchia, Bratislava, si trova sul fiume Danubio, la seconda pi\u00f9 lunga via d&#8217;acqua del continente europeo che bagna quattro capitali. Oltre a Vienna (a 60 km di distanza), tocca Budapest (200 km), e verso la foce (nel Mar Nero) passa per Bucarest.<\/li>\n<li>Il centro geografico d&#8217;Europa si trova nella Slovacchia centrale, a Kremnick\u00e9 Bane.<\/li>\n<li>La Slovacchia ospita 18 minoranze etniche. La comunit\u00e0 etnica pi\u00e0 numerosa dopo la slovacca (80,7%) \u00e8 quella ungherese (ufficialmente 8,5% &#8211; dati Censimento 2011).<\/li>\n<li>Molti personaggi famosi nel mondo hanno radici slovacche &#8211; come il pittore Andy Warhol, l&#8217;astronauta Eugene A. Cernan, l&#8217;astronomo Maximilian Hell, l&#8217;inventore del paracadute Stefan Bani\u010d e altri.<\/li>\n<li>Atleti slovacchi giocano in un certo numero di squadre europee in diversi sport ad alto livello. Il pi\u00f9 conosciuto in Italia \u00e8 senz&#8217;altro il calciatore Marek Hamsik, che gioca da alcuni anni nel Napoli, dove \u00e8 diventato un eroe &#8211; col soprannome &#8220;<em>Marekiaro<\/em>&#8221; &#8211; come centrocampista. La squadra nazionale slovacca \u00e8 stata la sorpresa internazionale del 2010 alla Coppa del Mondo giocata nel giugno scorso in Sudafrica, e le ha suonate di santa ragione ai nostri azzurri, mandandoli a casa al primo turno.<\/li>\n<li>La Slovacchia \u00e8 attualmente uno dei dieci principali produttori di auto del mondo, e quello che ha il record mondiale di produzione di vetture pro capite.<\/li>\n<li style=\"text-align: justify;\">Il pi\u00f9 grande meteorite che abbia mai colpito l&#8217;Europa ha toccato terra nel 1866 nei pressi della cittadina di Zboj, nella Slovacchia orientale. Il suo volo fu visto dalle regioni Liptov e Orava,\u00a0a 200 km di distanza. Il meteorite, oggi conosciuto con il nome K\u0148ahi\u0148a, and\u00f2 in frantumi e ne sono stati ritrovati 75 pezzi\u00a0di diverse dimensioni, il pi\u00f9 piccolo di\u00a0pochi grammi, mentre il pi\u00f9 grande, del peso di 286,3 kg, \u00e8 conservato in un museo a Vienna. Dopo il ridisegno dei confini in seguito alla seconda guerra mondiale, il cratere del meteorite (2,4 metri di diametro, profondo\u00a03,35 metri) \u00e8 oggi 200 metri oltre il confine ucraino.<\/li>\n<li style=\"text-align: justify;\">La citt\u00e0 di Kremnica vanta la pi\u00f9 antica zecca del mondo tutt&#8217;ora operativa ininterrottamente (dal 1328), che produce monete per molti paesi e dispone di un museo unico.<\/li>\n<li style=\"text-align: justify;\">La Chiesa di San Giacomo a Levoca ha il pi\u00f9 alto altare gotico in legno del mondo (18,6 metri di altezza), che risale agli inizi del XVI secolo.<\/li>\n<li style=\"text-align: justify;\">La gotica Cattedrale di Santa Elisabetta a Ko\u0161ice (la seconda citt\u00e0 della Slovacchia) \u00e8 la cattedrale di tipo occidentale situata pi\u00f9 a oriente in Europa. \u00c8 inoltre la chiesa pi\u00f9 grande in Slovacchia.<\/li>\n<li style=\"text-align: justify;\">La prima universit\u00e0 tecnica del mondo (l&#8217;Accademia Mineraria), fu fondata nel 1762 dall&#8217;Imperatrice Maria Teresa d&#8217;Austria nella citt\u00e0 slovacca di Bansk\u00e1 \u0160tiavnica.<\/li>\n<li style=\"text-align: justify;\">L&#8217;unico museo dedicato a Andy Warhol oltre a quello della citt\u00e0 natale di Pittsburg, negli Stati Uniti, \u00e8 l&#8217;Andy Warhol Museum of Modern Art che si trova nella parte orientale della Slovacchia, nei pressi del villaggio di Mikova dal quale emigrarono a inizio 900\u00a0 i suoi genitori.<\/li>\n<li style=\"text-align: justify;\">A Vych\u00fdlovka (nord-ovest della Slovacchia), rimangono 3,6 km (dei 61 originali) dell&#8217;unica ferrovia forestale a scartamento ridotto (760 mm) in Europa. Questa misura era tipica delle ferrovie secondarie dell&#8217;Impero Austro-Ungarico. Nei weekend a trainare i treni dalla stazione nel Museo di Kysuce sono locomotive a vapore.<\/li>\n<li style=\"text-align: justify;\">Il punto pi\u00f9 a nord nell&#8217;Europa centrale dove arrivarono le legioni romane fu Laugaricio, l&#8217;attuale citt\u00e0 di Tren\u010d\u00edn, a nord di Bratislava. Una prova della loro permanenza \u00e8 incisa nella roccia del castello risalente al 179 d.C.<\/li>\n<li style=\"text-align: justify;\">Il castello di Spi\u0161 \u00e8 il pi\u00f9 grande complesso fortificato medievale dell&#8217;Europa centrale e si estende per oltre 40.000 mq. Il castello, insieme con i monumenti circostanti, \u00e8 parte del Patrimonio culturale mondiale dell&#8217;UNESCO.<\/li>\n<li style=\"text-align: justify;\">Il sistema di cantine sotto il Castello di \u010cerven\u00fd Kame\u0148 sui Piccoli Carpazi \u00e8 considerato il pi\u00f9 grande in Europa centrale. La sua visita \u00e8 parte finale del giro turistico del complesso. Inizialmente avrebbe dovuto servire come deposito e oggi \u00e8 luogo per eventi sociali.<\/li>\n<li style=\"text-align: justify;\">Slovensk\u00fd kras \u00e8 la pi\u00f9 grande area carsica in Europa centrale (440 kmq). Ci sono 1.110 grotte e insenature carsiche e altre concrezioni. Le grotte accessibili sono Domica, Jasovsk\u00e1, Gombaseck\u00e1 e Kr\u00e1snohorsk\u00e1, che fanno parte del Patrimonio naturale mondiale dell&#8217;UNESCO. Una rarit\u00e0 \u00e8 la Silick\u00e1 \u013eadnica con una cascata di ghiaccio alta 12 metri.<\/li>\n<li style=\"text-align: justify;\">L&#8217;unica grotta di aragonite in Europa (la Ochtinsk\u00e1 aragonitov\u00e1 jasky\u0148a) \u00e8 situata vicino a Ro\u017e\u0148ava e fa parte con altre grotte del Carso slovacco (Slovensk\u00fd kras)\u00a0del Patrimonio mondiale naturale dell&#8217;UNESCO.<\/li>\n<li style=\"text-align: justify;\">Nella grotta Jaskyna Kr\u00e1snohorsk\u00e1, vicino alla citt\u00e0 di Ro\u017e\u0148ava, si trova la colonna frutto di sinterizzazione pi\u00f9 alta nel mondo (32,6 metri secondo il Guinness dei primati).<\/li>\n<li style=\"text-align: justify;\">L&#8217;unico geyser in Europa al di fuori della Scandinavia \u00e8 vicino a Kosice, e spara 1.056 litri di acqua (a 14-18\u00b0) a 10-15 metri di altezza per 20 minuti una volta ogni 32-34 ore. Succede ininterrottamente dal 1872.<\/li>\n<li style=\"text-align: justify;\">La prima ferrovia dell\u2019intero Regno d\u2019Ungheria fu quella trainata a cavalli costruita nel 1840 tra Bratislava e il villaggio di Sv\u00e4t\u00fd Jur, nei Piccoli Carpazi, che nel 1846 fu estesa verso Trnava e Sere\u010f.<\/li>\n<li>In Slovacchia ci sono 12.935 km di sentieri segnalati per l&#8217;escursionismo, la pi\u00f9 fitta rete in Europa.<\/li>\n<\/ul>\n<p><strong>I &#8220;pi\u00f9&#8221; e &#8220;meno&#8221; geografici della Slovacchia:<\/strong><\/p>\n<ul style=\"text-align: justify;\">\n<li>Il fiume pi\u00f9 lungo del paese \u00e8 la\u00a0V\u00e1h (406 km)<\/li>\n<li>Il punto pi\u00f9 alto \u00e8 il\u00a0picco Gerlachovsk\u00fd \u0161t\u00edt (2 654 m)<\/li>\n<li>Il pi\u00f9 alto vulcano spento \u00e8\u00a0il monte\u00a0Po\u013eana (1 458 m)<\/li>\n<li>La pianura pi\u00f9 vasta \u00e8 la\u00a0<a href=\"https:\/\/upload.wikimedia.org\/wikipedia\/commons\/6\/6c\/Podunajska_nizina.png\" data-rel=\"lightbox-gallery-HE906UiC\" data-rl_title=\"\" data-rl_caption=\"\" title=\"\">Podunajsk\u00e1 Nizina<\/a> (10 000 kmq), che occupa la parte meridionale delle regioni di Bratislava, Trnava e Nitra<\/li>\n<li>La pi\u00f9 grande isola fluviale \u00e8\u00a0<a href=\"https:\/\/www.google.sk\/url?sa=i&amp;rct=j&amp;q=&amp;esrc=s&amp;source=images&amp;cd=&amp;cad=rja&amp;uact=8&amp;ved=0ahUKEwiBg8Lvqr_PAhVKAcAKHQ8IBzYQjRwIBw&amp;url=http%3A%2F%2Fwww.cestovnyatlas.szm.com%2Fzitnyostrov.htm&amp;psig=AFQjCNFNEutF0Q711oXQ56vVfQMR8ZRr1g&amp;ust=1475608141750498\">\u017ditn\u00fd Ostrov<\/a> (1 236 kmq), racchiusa tra il corso principale del Danubio e il &#8220;piccolo Danubio&#8221; (Mal\u00fd Dunaj) a sud-est di Bratislava<\/li>\n<li>La valle pi\u00f9 lunga \u00e8 la\u00a0Bielovodsk\u00e1 dolina (10 km)<\/li>\n<li>La grotta pi\u00f9 lunga \u00e8\u00a0il sistema di grotte della valle Dem\u00e4novsk\u00e1 dolina\u00a0(30 km)<\/li>\n<li>Il lago pi\u00f9 grande \u00e8\u00a0Ve\u013ek\u00e9 Hincovo pleso\u00a0(20 ha) che\u00a0si trova\u00a0a 1 944 m di altitudine sugli Alti Tatra<\/li>\n<li>La cascata pi\u00f9 alta \u00e8 Kme\u0165ov vodop\u00e1d (90 m), sempre sugli Alti Tatra, a 1245 m s.l.m.<\/li>\n<\/ul>\n<p><strong>E nella capitale Bratislava:<\/strong><\/p>\n<ul style=\"text-align: justify;\">\n<li style=\"text-align: justify;\">Sad Janka Kr\u00e1\u013ea \u00e8 il pi\u00f9 antico parco pubblico d&#8217;Europa, fondato nel 1776 sulla riva destra del Danubio.<\/li>\n<li style=\"text-align: justify;\">L&#8217;audace ponte SNP (gi\u00e0 Nov\u00fd Most\u00a0&#8211;\u00a0Ponte Nuovo) di Bratislava, innalzato nel 1972 sul fiume Danubio, \u00e8 un ponte strallato e asimmetrico, la cui struttura in acciaio di oltre 7.500 tonnellate e 430 metri di lunghezza \u00e8 retta da una sola torre sulla riva destra del fiume. La torre, di 95 metri, ospita a 80 metri di altezza un ristorante (soprannominato UFO per la sua forma) raggiungibile con un ascensore. Sulla cima anche una terrazza panoramica che consente una vista fino a 100 km di distanza e che \u00e8 frequentata ogni anno da 200 mila visitatori. Il Nov\u00fd Most \u00e8 il pi\u00f9 lungo ponte strallato del mondo con un unico pilone e un piano strallato. Per la costruzione del ponte (e della strada di accesso al centro) fu abbattuta una parte della citt\u00e0 vecchia, e in particolare il quartiere ebraico con una sinagoga in stile moresco.<\/li>\n<li style=\"text-align: justify;\">Su via Michalsk\u00e1, al numero 15, si trova la casa con la facciata pi\u00f9 stretta (130 cm) costruita durante lo smantellamento delle fortificazioni del castello dove in origine era un corridoio per le guardie.<\/li>\n<li style=\"text-align: justify;\">Academia Istropolitana, la prima universit\u00e0 nel Regno d&#8217;Ungheria, \u00e8 stata fondata nel 1465 dal re Mattia Corvino a Bratislava. Oggi il suo edificio, un monumento culturale nazionale, opita l&#8217;Accademia di Arti dello Spettacolo.<\/li>\n<li style=\"text-align: justify;\">Il pi\u00f9 grande oppidum celtico in Europa centrale era sulla collina del Castello di Bratislava e scendeva verso l&#8217;odierna Star\u00e9 M\u011bsto (la Citt\u00e0 Vecchia) fino alla Piazza della Libert\u00e0 (N\u00e1mestie Slobody), dove ha sede il Palazzo del Governo. Un&#8217;area tre volte grande come la Bratislava medievale.<\/li>\n<li style=\"text-align: justify;\">Bratislava \u00e8 l&#8217;unica capitale che confina con due altri Stati indipendenti (Austria e Ungheria).<\/li>\n<li style=\"text-align: justify;\">Bratislava e Vienna hanno un altro primato: sono le due capitali nazionali pi\u00f9 vicine (nemmeno 60 km).<\/li>\n<\/ul>\n<p><span style=\"color: #ffffff;\">..<\/span><\/p>\n","protected":false},"excerpt":{"rendered":"<p>La Slovacchia \u00e8 un paese indipendente dal 1993, dopo la divisione della ex Cecoslovacchia. La sua adesione all&#8217;Unione Europea nel 2004 ha visto il culmine di cambiamenti democratici nel paese e ha assicurato la sua posizione tra le fila degli Stati europei democratici. La Slovacchia \u00e8 un paese piccolo e moderno in Europa centrale, che [&hellip;]<\/p>\n","protected":false},"author":2,"featured_media":0,"parent":0,"menu_order":0,"comment_status":"open","ping_status":"open","template":"","meta":[],"aioseo_notices":[],"jetpack_sharing_enabled":true,"jetpack-related-posts":[{"id":98,"url":"https:\/\/www.turismoslovacchia.it\/?page_id=98","url_meta":{"origin":22,"position":0},"title":"Home","date":"10 Ottobre 2010","format":false,"excerpt":"La Slovacchia \u00e8 un paese indipendente dal 1993, dopo la divisione della ex Cecoslovacchia. La sua adesione all'Unione Europea nel 2004 ha visto il culmine di cambiamenti democratici nel paese e ha assicurato la sua posizione tra le fila degli Stati europei democratici. La Slovacchia \u00e8 un paese piccolo e\u2026","rel":"","context":"Articolo simile","img":{"alt_text":"","src":"https:\/\/i0.wp.com\/www.turismoslovacchia.it\/wp-content\/uploads\/2010\/10\/Liptov-Slovacchia-flickr-Martin-Stojka_crop.jpg?resize=350%2C200","width":350,"height":200},"classes":[]},{"id":2126,"url":"https:\/\/www.turismoslovacchia.it\/?page_id=2126","url_meta":{"origin":22,"position":1},"title":"Slovacchia bellissima: vedi le nostre gallerie fotografiche","date":"11 Agosto 2013","format":false,"excerpt":"Turismo in Slovacchia vi offre un bel pacchetto di gallerie fotografiche sulle principali localit\u00e0 della Slovacchia, un paese che pu\u00f2 riservare molte sorprese a chi non lo conosce. La sua capitale Bratislava, che, all'estremo ovest del paese dista appena 60 km da Vienna (sono le due capitali di stati nazionali\u2026","rel":"","context":"Articolo simile","img":{"alt_text":"","src":"","width":0,"height":0},"classes":[]},{"id":2285,"url":"https:\/\/www.turismoslovacchia.it\/?page_id=2285","url_meta":{"origin":22,"position":2},"title":"Storia","date":"19 Agosto 2013","format":false,"excerpt":"Uno sguardo d'insieme Cuore d'Europa, crocevia d'Europa, tigre dell'Est Europa, la Slovacchia ha visto passare tutti dal suo territorio, dai Celti ai Romani, dagli Ungari alle truppe imperiali tedesche. Sede, nel primo millennio, del poco conosciuto Impero di Samo e poi del Principato di Grande Moravia, per quasi tutto il\u2026","rel":"","context":"Articolo simile","img":{"alt_text":"","src":"https:\/\/i0.wp.com\/www.turismoslovacchia.it\/wp-content\/uploads\/scritta-bronzea-a-Maria-Teresa-a-Bratislava-Michalsky-Dvor_wikipedia.jpg?resize=350%2C200&ssl=1","width":350,"height":200},"classes":[]},{"id":4747,"url":"https:\/\/www.turismoslovacchia.it\/?page_id=4747","url_meta":{"origin":22,"position":3},"title":"I siti Patrimonio Unesco della Slovacchia","date":"15 Maggio 2015","format":false,"excerpt":"\u00a0 Siti Unesco in Slovacchia: 7 Data d'iscrizione: 1993-2008 \u00a0 \u00a0 Sono sette i siti Unesco in Slovacchia, 5 del Patrimonio culturale e 2 di quello naturale. A livello globale sono\u00a01007 i siti protetti inclusi nella Lista del Patrimonio mondiale Unesco, di carattere culturale, monumentale e di interesse naturale. L\u2019Italia\u2026","rel":"","context":"In \"Unesco\"","img":{"alt_text":"","src":"https:\/\/i0.wp.com\/www.turismoslovacchia.it\/wp-content\/uploads\/Banska-Stiavnica_calvario_ear4_3048030351@flickr.jpg?resize=350%2C200&ssl=1","width":350,"height":200},"classes":[]},{"id":6600,"url":"https:\/\/www.turismoslovacchia.it\/?page_id=6600","url_meta":{"origin":22,"position":4},"title":"Turismo congressuale e incentive (MICE)","date":"27 Settembre 2016","format":false,"excerpt":"Sale conferenze presso l'Austria Trend\u00a0Hotel a Bratislava La Slovacchia\u00a0\u00e8\u00a0situata nel cuore dell'Europa, e come tale pu\u00f2 essere\u00a0una\u00a0destinazione nuova e\u00a0interessante\u00a0per riunioni, viaggi incentive, congressi ed eventi combinati, con citt\u00e0 moderne e tanta bellissima natura servite da\u00a0infrastrutture\u00a0e un settore dell'accoglienza in continuo miglioramento per\u00a0qualit\u00e0 e servizio. Si pu\u00f2 godere di una ricchezza\u2026","rel":"","context":"In \"MICE\"","img":{"alt_text":"","src":"https:\/\/i0.wp.com\/www.turismoslovacchia.it\/wp-content\/uploads\/mice-congres_apollobrati.jpg?resize=350%2C200&ssl=1","width":350,"height":200},"classes":[]},{"id":1943,"url":"https:\/\/www.turismoslovacchia.it\/?page_id=1943","url_meta":{"origin":22,"position":5},"title":"Itinerario: una settimana in Slovacchia","date":"12 Luglio 2013","format":false,"excerpt":"La Slovacchia in 7 giorni La Slovacchia \u00e8 relativamente piccola, con strade in buone condizioni e una discreta rete di treni e autobus. L'itinerario presentato qui di seguito \u00e8 adatto a chi vuole passare sette giorni nel Paese, visitando la capitale e le principali destinazioni di interesse turistico. Il tragitto\u2026","rel":"","context":"In \"Alti Tatra\"","img":{"alt_text":"","src":"https:\/\/i0.wp.com\/www.turismoslovacchia.it\/wp-content\/uploads\/castello-Trencin-foto_slovakia.travel.jpg?resize=350%2C200&ssl=1","width":350,"height":200},"classes":[]}],"jetpack_shortlink":"https:\/\/wp.me\/P1oiY9-m","_links":{"self":[{"href":"https:\/\/www.turismoslovacchia.it\/index.php?rest_route=\/wp\/v2\/pages\/22"}],"collection":[{"href":"https:\/\/www.turismoslovacchia.it\/index.php?rest_route=\/wp\/v2\/pages"}],"about":[{"href":"https:\/\/www.turismoslovacchia.it\/index.php?rest_route=\/wp\/v2\/types\/page"}],"author":[{"embeddable":true,"href":"https:\/\/www.turismoslovacchia.it\/index.php?rest_route=\/wp\/v2\/users\/2"}],"replies":[{"embeddable":true,"href":"https:\/\/www.turismoslovacchia.it\/index.php?rest_route=%2Fwp%2Fv2%2Fcomments&post=22"}],"version-history":[{"count":0,"href":"https:\/\/www.turismoslovacchia.it\/index.php?rest_route=\/wp\/v2\/pages\/22\/revisions"}],"wp:attachment":[{"href":"https:\/\/www.turismoslovacchia.it\/index.php?rest_route=%2Fwp%2Fv2%2Fmedia&parent=22"}],"curies":[{"name":"wp","href":"https:\/\/api.w.org\/{rel}","templated":true}]}}